4
-526 (base 8) to base 9
-420
-1474 (base 14) to base 5
-104010
548 (base 13) to base 10
905
What is 18424 (base 9) in base 13?
5a4c
Convert -3021332 (base 4) to base 8.
-31176
Convert -443 (base 5) to base 15.
-83
Convert 41 (base 5) to base 8.
25
What is 1001012210 (base 3) in base 10?
20568
What is -452a (base 11) in base 9?
-8153
32266 (base 9) to base 5
1140423
Convert -19e (base 15) to base 16.
-176
What is 21182 (base 10) in base 2?
101001010111110
What is -1330 (base 7) in base 6?
-2211
-67561 (base 8) to base 7
-146114
-1102201 (base 3) to base 6
-4501
28 (base 15) to base 8
46
What is 3229 (base 12) in base 7?
22023
What is 1343 (base 16) in base 6?
34455
What is 22405 (base 8) in base 15?
2c1c
Convert 832 (base 12) to base 16.
4a6
Convert -69 (base 11) to base 4.
-1023
100000101 (base 2) to base 10
261
c8 (base 14) to base 15
bb
Convert 23cc (base 14) to base 12.
3754
-67 (base 10) to base 2
-1000011
10100010 (base 2) to base 10
162
-60 (base 11) to base 6
-150
Convert -1483 (base 14) to base 11.
-2812
Convert 2330 (base 12) to base 6.
30100
Convert -3153 (base 7) to base 5.
-13431
-b92 (base 16) to base 14
-1118
What is 2875 (base 11) in base 15?
1177
Convert -10111100 (base 2) to base 14.
-d6
-15414 (base 9) to base 13
-4a50
What is -12335 (base 6) in base 3?
-2112212
-550 (base 10) to base 11
-460
What is 3140 (base 9) in base 6?
14400
Convert 1267 (base 8) to base 15.
315
What is 1110000 (base 2) in base 6?
304
What is 341a (base 12) in base 10?
5782
Convert -33204 (base 5) to base 10.
-2304
Convert -58214 (base 9) to base 14.
-10204
What is -1850 (base 15) in base 10?
-5250
Convert -20033 (base 4) to base 5.
-4102
2b65 (base 14) to base 15
2458
What is -1207 (base 9) in base 13?
-541
Convert -303 (base 14) to base 7.
-1503
5337 (base 8) to base 4
223133
-100221102 (base 3) to base 16
-1c4f
What is 500405 (base 6) in base 13?
149c3
-6735 (base 10) to base 12
-3a93
Convert -155340 (base 7) to base 10.
-30702
What is 102100202 (base 3) in base 16?
205a
6c29 (base 13) to base 14
57ad
What is 13464 (base 7) in base 8?
7130
-454a (base 16) to base 11
-12366
Convert 1112120 (base 3) to base 14.
5a2
1010001100 (base 2) to base 13
3b2
Convert 516 (base 13) to base 5.
11424
-35024 (base 6) to base 15
-1724
Convert 788 (base 13) to base 4.
110033
11b3 (base 16) to base 4
1012303
3711 (base 11) to base 9
6581
-121233 (base 4) to base 9
-2230
What is 122302 (base 4) in base 3?
2100111
What is 2720 (base 8) in base 5?
21423
-5c3 (base 16) to base 12
-a2b
2551 (base 15) to base 14
2c7d
-4963 (base 11) to base 14
-2510
-a88 (base 13) to base 15
-802
What is 1643 (base 9) in base 11?
a40
Convert -65134 (base 7) to base 14.
-5c8b
What is -600 (base 12) in base 7?
-2343
What is 142334 (base 5) in base 3?
22012002
Convert 31523 (base 7) to base 9.
11635
-815 (base 10) to base 13
-4a9
What is 1166 (base 9) in base 4?
31212
What is -aa7 (base 13) in base 2?
-11100100011
dc7 (base 15) to base 4
300220
d82 (base 15) to base 8
5747
Convert 5481 (base 14) to base 6.
151401
Convert 12221111 (base 3) to base 16.
10ed
Convert 795 (base 14) to base 2.
10111011111
Convert -31600 (base 7) to base 5.
-222330
What is 41731 (base 8) in base 11?
12060
Convert -14664 (base 7) to base 9.
-5570
Convert -111210 (base 5) to base 9.
-5346
What is 65462 (base 8) in base 3?
1101122101
1221122 (base 5) to base 16
5af7
Convert -63636 (base 9) to base 3.
-2010201020
What is -344 (base 6) in base 3?
-12001
-20fe (base 16) to base 10
-8446
Convert 4355 (base 6) to base 7.
2636
Convert 11013011 (base 4) to base 15.
6308
Convert -54 (base 11) to base 14.
-43
Convert -132331 (base 4) to base 11.
-1541
What is 101112 (base 3) in base 14?
164
-887 (base 10) to base 5
-12022
What is 308 (base 12) in base 11?
370
Convert -56426 (base 8) to base 11.
-169a4
What is -25d2 (base 16) in base 3?
-111021121
Convert -2321002 (base 4) to base 2.
-10111001000010
What is 210211120 (base 3) in base 8?
37056
What is -1555 (base 13) in base 10?
-3112
-139 (base 16) to base 6
-1241
What is 1002121 (base 3) in base 12?
567
What is 4477 (base 8) in base 6?
14543
What is 60a (base 16) in base 9?
2107
What is 113023 (base 4) in base 13?
8a1
What is -52 (base 13) in base 3?
-2111
Convert 8d4 (base 15) to base 2.
11111001111
935e (base 15) to base 6
400055
What is 2422 (base 11) in base 6?
22402
Convert 1463 (base 15) to base 10.
4368
-365 (base 9) to base 6
-1222
5218 (base 14) to base 11
a68a
What is -78 (base 11) in base 14?
-61
What is b2e (base 16) in base 10?
2862
2421 (base 5) to base 9
441
Convert -2010100210 (base 3) to base 8.
-121531
-2141 (base 7) to base 15
-35e
What is -220012111 (base 3) in base 15?
-5364
Convert -12101202 (base 4) to base 13.
-b90a
Convert 52a75 (base 11) to base 10.
77159
Convert -72a (base 15) to base 5.
-22430
Convert -36133 (base 10) to base 13.
-135a6
Convert 111011101 (base 2) to base 15.
21c
What is 5a8 (base 13) in base 12?
69b
-74 (base 13) to base 2
-1011111
Convert -30220 (base 4) to base 3.
-1002221
What is 270 (base 15) in base 6?
2323
What is 3c34 (base 14) in base 16?
2986
What is -1100111111 (base 2) in base 10?
-831
Convert 4091 (base 14) to base 13.
5091
acbd (base 14) to base 11
20566
Convert -35a6 (base 13) to base 14.
-2a8c
Convert 142134 (base 5) to base 13.
2904
Convert -212021 (base 3) to base 10.
-628
What is a2 (base 13) in base 12?
b0
-533 (base 11) to base 14
-33b
Convert 507 (base 13) to base 3.
1011120
-2441 (base 8) to base 4
-110201
What is 662 (base 10) in base 6?
3022
What is 23322 (base 5) in base 10?
1712
What is -103301 (base 4) in base 14?
-665
-25451 (base 7) to base 11
-5086
-36479 (base 12) to base 7
-423354
-6468 (base 13) to base 12
-80a0
Convert -2410041 (base 5) to base 2.
-1010110101101100
1120222201 (base 3) to base 13
11359
Convert 545 (base 7) to base 12.
1b2
What is -388a (base 12) in base 13?
-2c17
10200011 (base 4) to base 14
6a0d
Convert 16cd (base 15) to base 8.
11466
What is e37 (base 16) in base 12?
2133
What is 4505 (base 11) in base 10?
5934
Convert 261 (base 11) to base 3.
102110
What is -10300 (base 7) in base 15?
-b4d
-199a (base 13) to base 11
-2986
-355 (base 6) to base 16
-8f
26104 (base 8) to base 14
41b6
2271 (base 14) to base 7
23301
101110120 (base 3) to base 6
55153
33146 (base 7) to base 6
102255
Convert 11182 (base 11) to base 5.
1004213
Convert -1001111110 (base 2) to base 10.
-638
What is -6944 (base 10) in base 7?
-26150
What is -112053 (base 8) in base 16?
-942b
-4003 (base 5) to base 14
-27d
Convert -13101 (base 4) to base 16.
-1d1
176 (base 10) to base 16
b0
What is 1213030 (base 4) in base 8?
14714
What is -2231 (base 5) in base 11?
-268
Convert 332230 (base 4) to base 15.
12c7
Convert 423 (base 9) to base 14.
1a9
What is -2638 (base 13) in base 2?
-1010101001111
What is 484 (base 9) in base 8?
620
What is -74313 (base 9) in base 3?
-2111100110
What is 1936 (base 10) in base 2?
11110010000
11 (base 3) to base 12
4
-12005 (base 6) to base 5
-23413
What is -6661 (base 8) in base 10?
-3505
-1120341 (base 5) to base 6
-233012
What is -10000101 (base 2) in base 3?
-11221
-100000110000 (base 2) to base 13
-c53
What is -21ba5 (base 12) in base 11?
-30817
What is 143 (base 11) in base 14?
c0
What is 1342 (base 14) in base 13?
170a
Convert -281e (base 15) to base 16.
-2183
Convert 23901 (base 11) to base 13.
12846
110001111011 (base 2) to base 8
6173
-114442 (base 5) to base 14
-1844
2e8 (base 15) to base 11
558
Convert -d64 (base 15) to base 3.
-11010211
Convert -6645 (base 15) to base 5.
-1143130
Convert 12635 (base 13) to base 4.
20103131
Convert 3ce (base 16) to base 13.
59c
-1212100 (base 3) to base 15
-609
-215515 (base 6) to base 13
-832a
What is 8081 (base 9) in base 5?
142110
-304 (base 12) to base 4
-12310
What is 12d (base 16) in base 13?
1a2
-100010 (base 4) to base 2
-10000000100
-327b (base 12) to base 6
-41435
What is 1000211 (base 3) in base 10?
751
-11202 (base 5) to base 15
-387
Convert -815 (base 10) to base 9.
-1105
Convert 200111 (base 3) to base 9.
614
Convert 101011110110 (base 2) to base 16.
af6
Convert -11133 (base 4) to base 13.
-210
What is -b65e (base 16) in base 13?
-18333
What is -7122 (base 15) in base 8?
-56512
-79581 (base 10) to base 6
-1412233
What is 845 (base 9